. Let h = q - -72. Let w be ((0/(-1))/(-3))/h. Let t(m) = m**2 - 1. Give t(w).
-1
Let w = 313 - 309. Suppose -w*a = -61 + 41. Let l(q) = 5*q - 11. Determine l(a).
14
Let q(b) be the third derivative of b**5/60 - b**4/24 + b**3/6 - b**2 - 25. Let l(r) = 3*r**2 + 6*r + 9. Let k(n) = -l(n) + 2*q(n). What is k(-6)?
5
Let j(m) = -3*m**3 + 5*m**2 - 8*m - 2. Let i(h) = 5*h**3 - 10*h**2 + 15*h + 5. Let v(p) = 4*i(p) + 7*j(p). Suppose -y - 7 + 2 = 0. What is v(y)?
-14
Let j be 9 - 1 - (-498 - -8). Let y = j - 489. Let r(g) = -g - 1. What is r(y)?
-10
Let y(k) = k**2 + 23*k - 14. Suppose -3*p = 2*x + 82, 7*p = -x + 5*x - 122. Give y(p).
-36
Suppose 4*y = -29*y + 330. Let d(n) = -n**2 + 13*n - 21. Calculate d(y).
9
Let l(w) be the second derivative of 5*w**4/12 - w**3/3 - w**2/2 + 801*w. Give l(2).
15
Let r(q) = 254*q. Let y(d) = -812*d. Let w(i) = 16*r(i) + 5*y(i). Suppose b = -6*h + 2*h + 37, 3*h - 34 = -2*b. Calculate w(h).
32
Let j(u) be the second derivative of -u**5/20 - 11*u**4/12 - 4*u**3/3 + 23*u**2/2 + 111*u + 2. Calculate j(-10).
3
Let d(z) = -2*z + 12 - 3*z - 4. Let g(b) = -4*b + 6. Suppose -27 = 191*n - 182*n. Let o(v) = n*d(v) + 4*g(v). Calculate o(4).
-4
Let r(u) = u**3 - 11*u**2 - 11*u + 15. Suppose 67*j - 168 = 53*j. Calculate r(j).
27
Let z(x) = x**3 - 10*x**2 - 11*x. Let i be (-31)/(-3) - (-15)/(450/20). Suppose -55 = -6*v + i. What is z(v)?
0
Let v(g) = -g**2 - 12*g + 2. Let d be (-62)/6 - 12/54*3. What is v(d)?
13
Let a(k) = 203*k**2 - 2 - 3 + 204*k**2 + 214*k**2 - 593*k**2. What is a(2)?
107
Let t(s) = -34 - 33 + 91 - 27 - 4*s + 2*s. Let d(u) = u**3 + 17*u**2 - 19*u - 13. Let f be d(-18). Determine t(f).
-13
Suppose -f + 5*a + 24 = 0, f + 0*f + 21 = -4*a. Let y be f + 21*2/6. Let n(m) = -m**2 + 9*m - 7. Give n(y).
11
Let i(s) = 18*s + 0*s**2 - s**2 - 4*s**2 - 11*s**2 + s**3 - 6*s**2 + 92. What is i(21)?
29
Let y(p) = -2*p**3 - 10*p**2 + 14*p + 10. Suppose -8*z - 55*z = 19*z + 492. What is y(z)?
-2
Suppose -10*j = -8*j - 10. Suppose -46 = -4*u + h + 11, -u + 30 = j*h. Suppose -2*g = -u + 9. Let v(l) = -2*l**3 + 5*l**2 - 3*l + 2. Give v(g).
-16
Let k = -1457 + 1464. Let l be ((-1)/(-2))/(2/8). Let n(h) = 0*h + 1 + h - l*h. What is n(k)?
-6
Let p be (-6)/(-14) - (-6)/(-14). Suppose p = -3*v - 3*x - 6, 4*x = 1 - 9. Let y(a) = 5*a + 9. Let u be y(v). Let q(w) = -w. What is q(u)?
-9
Let s be (-6*1)/(((-3)/3)/4). Let w be (-741)/(-18) - 4/s. Let h(z) = -5*z**2 - 6*z + w + 5*z - 78 + 38. Determine h(1).
-5
Let i(k) = 2*k**2 + 51*k - 195. Suppose 0 = 76*v - 994 + 3198. Calculate i(v).
8
Let a(m) = -94*m - 23. Let d(t) = -23*t - 2. Let w(p) = -a(p) + 4*d(p). Give w(-23).
-31
Let w = 9 + -5. Let d(q) be the first derivative of q**4/24 - 5*q**3/6 + 65*q**2/2 + 2*q - 28. Let f(l) be the second derivative of d(l). Give f(w).
-1
Let w(c) = 3987 - 7977 + c + 3986. Give w(5).
1
Let s(l) = -8 - 704*l**2 - 6*l + 1415*l**2 - 717*l**2 + 2 - l**3 + 0*l**3. Let v(n) = -n**3 + 7*n**2 - 9*n + 6. Let w be v(6). Let a = w + 7. Determine s(a).
-1
Suppose 8*w - 2*w - 3 = 7*w. Let l(c) = -c**3 - 7*c**2 - 12*c - 5. Calculate l(w).
-5
Let m be (0 - 12/(-20))*5. Suppose 29 + m = 4*v. Suppose -v*g = -g - 14. Let u(p) = 9*p - 3. What is u(g)?
15
Let k(t) = -t + 26. Suppose 1 = -4*b + 21, -4*f = 5*b - 93. Give k(f).
9
Let w(y) = y**3 + 2*y**2 - 2*y + 7. Suppose -3*o - 11 = 4*q - 8, 3*q = -3*o - 3. Suppose 0 = 4*g - 3*k - 3, -3*g - 5*k - 90 + 56 = q. Determine w(g).
4
Let j(v) = v**2 + 2. Let z(s) = s**2 - s + 3. Let g(w) = 7*j(w) - 3*z(w). Let m(x) = -x**2. Let d(b) = g(b) + 5*m(b). Suppose 2*h - 6 = h. Determine d(h).
-13
Let v(q) = 19*q + 2. Let p = 1378 + -1374. Let o(h) be the second derivative of -5*h**3/3 - h**2/2 + 2*h. Let n(d) = p*v(d) + 9*o(d). Determine n(1).
-15
Let o(w) = 6*w**2 + 2*w - 5. Let i be -1 + (-30)/9 + 1743/747. Give o(i).
15
Let j(p) = 1399*p - 472*p - 473*p - 16 - 453*p. What is j(12)?
-4
Let u(i) be the first derivative of i**4/4 - 4*i**3/3 - 4*i**2 + 28*i + 10927. Give u(5).
13
Let u(d) be the first derivative of 7/3*d**3 + 0*d**2 + 1/24*d**4 - 7 + 0*d + 3/40*d**5. Let s(h) be the third derivative of u(h). Calculate s(-1).
-8
Let j = 3783 - 3802. Let l(t) = t**3 + 20*t**2 + 21*t + 43. What is l(j)?
5
Let s = -13 + 19. Let d(x) = 2*x**3 - x + 17*x**3 + 7*x**3 - 30*x**3 - 6*x**2 + 5*x**3. Determine d(s).
-6
Let l = -70 - -72. Let m be 1 + (0 - -1) + l. Let q(u) = u**2 + u - m*u + 10 - 12. Calculate q(3).
-2
Suppose 0 = 16*m - 393 + 169. Suppose 10*j - 10*j + m*j = 0. Let u(v) = v - 7. Determine u(j).
-7
Let t be 90/(-210) - (2 + 64/14). Let n(v) = v**2 + 5*v - 8. Give n(t).
6
Suppose 5*p + 0 = 5*w + 10, 5*p - 16 = 3*w. Let q(m) be the first derivative of -6*m - 1/3*m**3 - 8 + 7/2*m**2. Calculate q(p).
4
Let r = -4507 + 4501. Let d(y) = y**2 + 8*y + 16. What is d(r)?
4
Let z(d) be the first derivative of -d**3/3 + 3*d**2 + 6*d - 11. Let y be (-1)/(-3) - (-287)/21. Suppose -9*v + 7*v = -y. Give z(v).
-1
Let l(x) = -31*x**2 + 7*x - 13. Let a(h) = -6*h**2 - h + 2. Let q(b) = 5*a(b) - l(b). Calculate q(6).
-13
Let q(p) = -2*p - 7. Let i(t) = -17*t - 22. Let b(d) = i(d) - 4*q(d). What is b(3)?
-21
Let o(r) be the third derivative of -r**6/120 - r**5/6 - 3*r**4/8 + 13*r**3/2 - 4060*r**2. Calculate o(-8).
-17
Let t(c) = 2*c - 22. Suppose 33*k = 35*k + 4*d - 6, -31 = -5*k - 2*d. Determine t(k).
-8
Let g(k) = -5*k + 3 - 3. Let t be -10 + 48/6 + (-10)/4*300/250. Calculate g(t).
25
Let p = 6311 - 6303. Suppose 21 = -0*c + 3*c. Suppose c*t = -2*g + 2*t + p, t = 0. Let u(w) = -2*w**2 + 2*w + 2. What is u(g)?
-22
Let y = 36 + -33. Suppose -1 = -y*m + 4*m. Let z(k) = -20*k**3 + 1. Give z(m).
21
Let u be -4*1 - (11 + -13). Let j(y) = -2*y - 1. Let a be j(u). Let m(i) = -84*i**2 - 2*i**3 - 81*i**2 - 2 + 248*i**2 - 87*i**2 + 2*i + 3*i**3. Determine m(a).
-5
Let d = -2/25317 - -8447/101268. Let o(v) be the second derivative of 27*v + d*v**4 + 0 - 1/2*v**3 + 3/2*v**2. Calculate o(2).
1
Let l(b) be the first derivative of b**6/120 - 3*b**5/20 + 5*b**4/24 - b**3/2 + 5*b**2/2 + 2*b - 122. Let j(p) be the second derivative of l(p). Determine j(8).
-27
Let k(r) be the second derivative of 1/12*r**4 - 39*r - 5*r**2 + 0 - 1/6*r**3. Let h(w) = -w. Let b(y) = -5*h(y) - k(y). Give b(7).
3
Let r be 7*(26 + -19)*15/(-245). Let a(s) = 11*s**2 + 32*s - 7. Determine a(r).
-4
Let c(o) = -o**3 - 11*o**2 - 6*o + 53. Suppose 0 = -i + 3*d + 11, -717*d + 6 = -2*i - 715*d. Determine c(i).
13
Let k = 85 - 83. Suppose i = -4*x + 19 + 18, k*i - 4*x = 122. Let p(l) = -30 - 24 + i + 2*l. Give p(-1).
-3
Suppose 2*h - 4*q - 82 = 0, h - 79 = -h + q. Let x(c) = -h - 3*c + 79 - 44. What is x(-2)?
2
Let s(c) = -c**3 + 5*c**2 + 8*c. Suppose 4*v - 5*b = -v, -v + 2*b = -3. Let d(j) = -j**3 + 4*j**2 + 7*j. Let z(w) = v*s(w) + 4*d(w). Calculate z(3).
-6
Let w(d) = 11*d**2 + 20*d - 18. Let l(x) = -18*x**2 - 30*x + 27. Let b(t) = -5*l(t) - 8*w(t). Determine b(6).
21
Let d be (-1 - 0)/(3 + 28/(-8)). Let r(w) = -w**2 - 6*w**d + 8*w**2 + 8 - 8*w - 4. Let t(a) = a**3 + 7*a**2 - 2*a - 8. Let s be t(-7). What is r(s)?
-8
Let p be (-484)/(-44) + 9 + -3 + (-3 - -8). Let r(y) = -y**2 + 19*y + 65. What is r(p)?
-1
Let t(z) = 110*z + 109*z - 18 - 16 - 224*z + 10. What is t(-4)?
-4
Suppose 0 = 102*m - 36*m - 726. Let t(d) = -3*d + 22. Calculate t(m).
-11
Let n(a) be the second derivative of -a**4/6 - a**3/2 + 24*a**2 - 10*a. Let s(b) be the first derivative of n(b). Calculate s(-7).
25
Let v(z) = -z**3 - 7*z**2 + z - 3. Suppose -5*d + 11*f + 155 = 6*f, 0 = -2*f - 6. Suppose 22*m + d = 18*m. What is v(m)?
-10
Let q(f) = 7*f**3 - 6*f**2 - 6*f - 38. Let h(s) = -2*s**3 + 2*s**2 + 3*s. Let n(i) = 3*h(i) + q(i). What is n(0)?
-38
Let a(n) be the third derivative of n**4/12 + 8*n**3/3 - 6*n**2 + 29*n. Give a(11).
38
Suppose 0 = 5*h + b - 48, -3*h - 7 + 19 = -5*b. Let k(g) = -14*g + 5. Let q(w) = 4*w - 1. Let m(o) = h*q(o) + 2*k(o). What is m(-4)?
-31
Let t = 720 + -706. Let h(m) be the first derivative of -m - 2/3*m**3 - t - 1/4*m**4 + 2*m**2. What is h(-3)?
-4
Let z(h) = 679*h + 663*h + 722*h - 505 - 2149*h. Determine z(-6).
5
Let c(j) be the second derivative of j**5/20 + 7*j**4/12 - 3*j**3/2 - 15*j**2/2 + 2774*j. What is c(-8)?
-7
Let m(f) = -f + 10. Suppose 2*y - q = q + 50, -y = 2*q - 37. Suppose 8*j = y + 51. 